{"id":1247,"date":"2013-01-04T12:23:54","date_gmt":"2013-01-04T12:23:54","guid":{"rendered":"http:\/\/vpm.pt\/web\/?page_id=1247"},"modified":"2016-09-15T17:00:04","modified_gmt":"2016-09-15T17:00:04","slug":"empresa","status":"publish","type":"page","link":"https:\/\/vpm.pt\/web\/pt\/empresa\/","title":{"rendered":"Empresa"},"content":{"rendered":"<div class=\"one-half\">\n<p> A <strong>VPM<\/strong> \u00e9 uma consultora independente que presta servi\u00e7os nos sectores do Imobili\u00e1rio e da Constru\u00e7\u00e3o com especial foco na Europa, Am\u00e9rica do Sul, M\u00e9dio Oriente e \u00c1frica, e com perfil diversificado, que visa garantir aos seus clientes o maior retorno e seguran\u00e7a nos investimentos,<\/p>\n<p>Oferecemos servi\u00e7os de consultoria especializados, durante todas as fases dos projetos imobili\u00e1rios, incluindo gest\u00e3o e elabora\u00e7\u00e3o de projetos, avalia\u00e7\u00f5es imobili\u00e1rias, gest\u00e3o e comercializa\u00e7\u00e3o de propriedades, servi\u00e7os t\u00e9cnicos de engenharia, \u201cdue diligence\u201d e apoio legal.<\/p>\n<p><strong>A Vis\u00e3o\u00a0<\/strong><\/p>\n<p>Manter um crescimento sustentado e sustent\u00e1vel, em que a aposta em mercados emergentes com forte crescimento no sector imobili\u00e1rio continua a ser o grande foco da empresa.<\/p>\n<p><strong>A Miss\u00e3o\u00a0<\/strong><\/p>\n<p>Ser uma empresa de refer\u00eancia alicer\u00e7ada numa gest\u00e3o racional focada no Cliente.<\/p>\n<p><strong>Os Valores<\/strong><\/p>\n<p>Procuramos transmitir uma cultura de excel\u00eancia em tudo que o que fazemos.<\/p>\n<p>&nbsp;<\/p>\n<p><strong>Associa\u00e7\u00f5es e Ordens<\/strong><\/p>\n<div class=\"one-third\">\n<p><img loading=\"lazy\" class=\"size-medium wp-image-1566 aligncenter\" src=\"http:\/\/vpm.pt\/web\/wp-content\/uploads\/2016\/09\/Logos-Associa\u00e7\u00f5es2.jpg\" alt=\"Logos-Associa\u00e7\u00f5es26\" width=\"1000\" height=\"300\" \/><\/p>\n<p>&nbsp;<\/p>\n<\/div>\n<div style=\"text-align: center;\"><\/div>\n<\/div>\n<div class=\"one-half omega\">\n<p style=\"text-align: center;\"><a href=\"http:\/\/vpm.pt\/web\/wp-content\/uploads\/2013\/02\/DSC_0033.jpg\"><img loading=\"lazy\" class=\" wp-image-1569 aligncenter\" src=\"http:\/\/vpm.pt\/web\/wp-content\/uploads\/2013\/02\/DSC_0033-300x200.jpg\" alt=\"DSC_0033\" width=\"444\" height=\"301\" \/><\/a><\/p>\n<\/div>\n<div class=\"clear\"><\/div>\n","protected":false},"excerpt":{"rendered":"","protected":false},"author":1,"featured_media":0,"parent":0,"menu_order":0,"comment_status":"closed","ping_status":"closed","template":"","meta":[],"yoast_head":"<!-- This site is optimized with the Yoast SEO plugin v19.0 - https:\/\/yoast.com\/wordpress\/plugins\/seo\/ -->\n<title>Empresa especializada no setor Imobili\u00e1rio, Constru\u00e7\u00e3o e Avalia\u00e7\u00e3o de Im\u00f3veis<\/title>\n<meta name=\"description\" content=\"Empresa especializada na Avalia\u00e7\u00e3o de Im\u00f3veis, Consultoria e Investimento Imobili\u00e1rio, Gest\u00e3o e Coordena\u00e7\u00e3o de Projetos, Gest\u00e3o de Obras e Constru\u00e7\u00e3o.\" \/>\n<meta name=\"robots\" content=\"index, follow, max-snippet:-1, max-image-preview:large, max-video-preview:-1\" \/>\n<link rel=\"canonical\" href=\"https:\/\/vpm.pt\/web\/pt\/empresa\/\" \/>\n<meta property=\"og:locale\" content=\"pt_PT\" \/>\n<meta property=\"og:type\" content=\"article\" \/>\n<meta property=\"og:title\" content=\"Empresa especializada no setor Imobili\u00e1rio, Constru\u00e7\u00e3o e Avalia\u00e7\u00e3o de Im\u00f3veis\" \/>\n<meta property=\"og:description\" content=\"Empresa especializada na Avalia\u00e7\u00e3o de Im\u00f3veis, Consultoria e Investimento Imobili\u00e1rio, Gest\u00e3o e Coordena\u00e7\u00e3o de Projetos, Gest\u00e3o de Obras e Constru\u00e7\u00e3o.\" \/>\n<meta property=\"og:url\" content=\"https:\/\/vpm.pt\/web\/pt\/empresa\/\" \/>\n<meta property=\"og:site_name\" content=\"VPM\" \/>\n<meta property=\"article:publisher\" content=\"https:\/\/www.facebook.com\/VPMAvaliacao\/\" \/>\n<meta property=\"article:modified_time\" content=\"2016-09-15T17:00:04+00:00\" \/>\n<meta property=\"og:image\" content=\"http:\/\/vpm.pt\/web\/wp-content\/uploads\/2013\/02\/DSC_0033-300x200.jpg\" \/>\n<meta name=\"twitter:label1\" content=\"Tempo estimado de leitura\" \/>\n\t<meta name=\"twitter:data1\" content=\"1 minuto\" \/>\n<script type=\"application\/ld+json\" class=\"yoast-schema-graph\">{\"@context\":\"https:\/\/schema.org\",\"@graph\":[{\"@type\":\"WebSite\",\"@id\":\"https:\/\/vpm.pt\/web\/#website\",\"url\":\"https:\/\/vpm.pt\/web\/\",\"name\":\"VPM\",\"description\":\"A VPM \u2013 Avalia\u00e7\u00e3o e Engenharia \u00e9 uma empresa vocacionada para a presta\u00e7\u00e3o de servi\u00e7os nos sectores da Constru\u00e7\u00e3o e Imobili\u00e1rio\",\"potentialAction\":[{\"@type\":\"SearchAction\",\"target\":{\"@type\":\"EntryPoint\",\"urlTemplate\":\"https:\/\/vpm.pt\/web\/?s={search_term_string}\"},\"query-input\":\"required name=search_term_string\"}],\"inLanguage\":\"pt-PT\"},{\"@type\":\"ImageObject\",\"inLanguage\":\"pt-PT\",\"@id\":\"https:\/\/vpm.pt\/web\/pt\/empresa\/#primaryimage\",\"url\":\"https:\/\/vpm.pt\/web\/wp-content\/uploads\/2013\/02\/DSC_0033.jpg\",\"contentUrl\":\"https:\/\/vpm.pt\/web\/wp-content\/uploads\/2013\/02\/DSC_0033.jpg\",\"width\":3872,\"height\":2592},{\"@type\":\"WebPage\",\"@id\":\"https:\/\/vpm.pt\/web\/pt\/empresa\/#webpage\",\"url\":\"https:\/\/vpm.pt\/web\/pt\/empresa\/\",\"name\":\"Empresa especializada no setor Imobili\u00e1rio, Constru\u00e7\u00e3o e Avalia\u00e7\u00e3o de Im\u00f3veis\",\"isPartOf\":{\"@id\":\"https:\/\/vpm.pt\/web\/#website\"},\"primaryImageOfPage\":{\"@id\":\"https:\/\/vpm.pt\/web\/pt\/empresa\/#primaryimage\"},\"datePublished\":\"2013-01-04T12:23:54+00:00\",\"dateModified\":\"2016-09-15T17:00:04+00:00\",\"description\":\"Empresa especializada na Avalia\u00e7\u00e3o de Im\u00f3veis, Consultoria e Investimento Imobili\u00e1rio, Gest\u00e3o e Coordena\u00e7\u00e3o de Projetos, Gest\u00e3o de Obras e Constru\u00e7\u00e3o.\",\"breadcrumb\":{\"@id\":\"https:\/\/vpm.pt\/web\/pt\/empresa\/#breadcrumb\"},\"inLanguage\":\"pt-PT\",\"potentialAction\":[{\"@type\":\"ReadAction\",\"target\":[\"https:\/\/vpm.pt\/web\/pt\/empresa\/\"]}]},{\"@type\":\"BreadcrumbList\",\"@id\":\"https:\/\/vpm.pt\/web\/pt\/empresa\/#breadcrumb\",\"itemListElement\":[{\"@type\":\"ListItem\",\"position\":1,\"name\":\"Home\",\"item\":\"https:\/\/vpm.pt\/web\/pt\/inicio\/\"},{\"@type\":\"ListItem\",\"position\":2,\"name\":\"Empresa\"}]}]}<\/script>\n<!-- \/ Yoast SEO plugin. -->","yoast_head_json":{"title":"Empresa especializada no setor Imobili\u00e1rio, Constru\u00e7\u00e3o e Avalia\u00e7\u00e3o de Im\u00f3veis","description":"Empresa especializada na Avalia\u00e7\u00e3o de Im\u00f3veis, Consultoria e Investimento Imobili\u00e1rio, Gest\u00e3o e Coordena\u00e7\u00e3o de Projetos, Gest\u00e3o de Obras e Constru\u00e7\u00e3o.","robots":{"index":"index","follow":"follow","max-snippet":"max-snippet:-1","max-image-preview":"max-image-preview:large","max-video-preview":"max-video-preview:-1"},"canonical":"https:\/\/vpm.pt\/web\/pt\/empresa\/","og_locale":"pt_PT","og_type":"article","og_title":"Empresa especializada no setor Imobili\u00e1rio, Constru\u00e7\u00e3o e Avalia\u00e7\u00e3o de Im\u00f3veis","og_description":"Empresa especializada na Avalia\u00e7\u00e3o de Im\u00f3veis, Consultoria e Investimento Imobili\u00e1rio, Gest\u00e3o e Coordena\u00e7\u00e3o de Projetos, Gest\u00e3o de Obras e Constru\u00e7\u00e3o.","og_url":"https:\/\/vpm.pt\/web\/pt\/empresa\/","og_site_name":"VPM","article_publisher":"https:\/\/www.facebook.com\/VPMAvaliacao\/","article_modified_time":"2016-09-15T17:00:04+00:00","og_image":[{"url":"http:\/\/vpm.pt\/web\/wp-content\/uploads\/2013\/02\/DSC_0033-300x200.jpg"}],"twitter_misc":{"Tempo estimado de leitura":"1 minuto"},"schema":{"@context":"https:\/\/schema.org","@graph":[{"@type":"WebSite","@id":"https:\/\/vpm.pt\/web\/#website","url":"https:\/\/vpm.pt\/web\/","name":"VPM","description":"A VPM \u2013 Avalia\u00e7\u00e3o e Engenharia \u00e9 uma empresa vocacionada para a presta\u00e7\u00e3o de servi\u00e7os nos sectores da Constru\u00e7\u00e3o e Imobili\u00e1rio","potentialAction":[{"@type":"SearchAction","target":{"@type":"EntryPoint","urlTemplate":"https:\/\/vpm.pt\/web\/?s={search_term_string}"},"query-input":"required name=search_term_string"}],"inLanguage":"pt-PT"},{"@type":"ImageObject","inLanguage":"pt-PT","@id":"https:\/\/vpm.pt\/web\/pt\/empresa\/#primaryimage","url":"https:\/\/vpm.pt\/web\/wp-content\/uploads\/2013\/02\/DSC_0033.jpg","contentUrl":"https:\/\/vpm.pt\/web\/wp-content\/uploads\/2013\/02\/DSC_0033.jpg","width":3872,"height":2592},{"@type":"WebPage","@id":"https:\/\/vpm.pt\/web\/pt\/empresa\/#webpage","url":"https:\/\/vpm.pt\/web\/pt\/empresa\/","name":"Empresa especializada no setor Imobili\u00e1rio, Constru\u00e7\u00e3o e Avalia\u00e7\u00e3o de Im\u00f3veis","isPartOf":{"@id":"https:\/\/vpm.pt\/web\/#website"},"primaryImageOfPage":{"@id":"https:\/\/vpm.pt\/web\/pt\/empresa\/#primaryimage"},"datePublished":"2013-01-04T12:23:54+00:00","dateModified":"2016-09-15T17:00:04+00:00","description":"Empresa especializada na Avalia\u00e7\u00e3o de Im\u00f3veis, Consultoria e Investimento Imobili\u00e1rio, Gest\u00e3o e Coordena\u00e7\u00e3o de Projetos, Gest\u00e3o de Obras e Constru\u00e7\u00e3o.","breadcrumb":{"@id":"https:\/\/vpm.pt\/web\/pt\/empresa\/#breadcrumb"},"inLanguage":"pt-PT","potentialAction":[{"@type":"ReadAction","target":["https:\/\/vpm.pt\/web\/pt\/empresa\/"]}]},{"@type":"BreadcrumbList","@id":"https:\/\/vpm.pt\/web\/pt\/empresa\/#breadcrumb","itemListElement":[{"@type":"ListItem","position":1,"name":"Home","item":"https:\/\/vpm.pt\/web\/pt\/inicio\/"},{"@type":"ListItem","position":2,"name":"Empresa"}]}]}},"_links":{"self":[{"href":"https:\/\/vpm.pt\/web\/wp-json\/wp\/v2\/pages\/1247"}],"collection":[{"href":"https:\/\/vpm.pt\/web\/wp-json\/wp\/v2\/pages"}],"about":[{"href":"https:\/\/vpm.pt\/web\/wp-json\/wp\/v2\/types\/page"}],"author":[{"embeddable":true,"href":"https:\/\/vpm.pt\/web\/wp-json\/wp\/v2\/users\/1"}],"replies":[{"embeddable":true,"href":"https:\/\/vpm.pt\/web\/wp-json\/wp\/v2\/comments?post=1247"}],"version-history":[{"count":54,"href":"https:\/\/vpm.pt\/web\/wp-json\/wp\/v2\/pages\/1247\/revisions"}],"predecessor-version":[{"id":2142,"href":"https:\/\/vpm.pt\/web\/wp-json\/wp\/v2\/pages\/1247\/revisions\/2142"}],"wp:attachment":[{"href":"https:\/\/vpm.pt\/web\/wp-json\/wp\/v2\/media?parent=1247"}],"curies":[{"name":"wp","href":"https:\/\/api.w.org\/{rel}","templated":true}]}}