{"id":1538,"date":"2013-01-31T00:35:03","date_gmt":"2013-01-31T00:35:03","guid":{"rendered":"http:\/\/vpm.pt\/web\/?page_id=1538"},"modified":"2021-05-28T09:28:42","modified_gmt":"2021-05-28T09:28:42","slug":"real-estate-investments","status":"publish","type":"page","link":"https:\/\/vpm.pt\/web\/en\/real-estate-investments\/","title":{"rendered":"Real Estate Investment"},"content":{"rendered":"<p style=\"text-align: justify;\">VPM provides real estate solutions to companies and investors, with geographic focus on Portugal, Angola and Mozambique.<\/p>\n<p style=\"text-align: justify;\">We offer dedicated support and advisory throughout the whole cycle of real estate acquisitions, including due diligence, appraisals, legal support and deal execution.<\/p>\n<p style=\"text-align: justify;\">Our current portfolio of properties includes a variety of property types, such as hotels, logistics and industrial units, residential, offices, retail as well as a vast bank of prime undeveloped land.<\/p>\n<p style=\"text-align: justify;\"><strong>Reasons to invest in Portugal<\/strong><\/p>\n<p style=\"text-align: justify;\">The property market in Portugal is highly developed. It has a high relative quality of supply in all sectors, on a par with the larger core European markets, dynamic demand and a considerable presence of foreign occupiers. The market is highly transparent, with various international consultants regulated by the most demanding professional organizations of the commercial property sector.<\/p>\n<p style=\"text-align: justify;\">The main element of a healthy Portuguese real estate market has always been residential property and specifically, within the luxury segment, second homes and the recent Portugal Golden VISA Package. Currently the type of property with the highest value for money in Portugal is recognized as prime developments close to the capital city of Lisbon, Porto and Algarve region.<\/p>\n<p>Please visit some of our real estate properties in this website:<br \/>\n<span style=\"color: #0000ff;\"><a style=\"color: #0000ff;\" href=\"http:\/\/vpmrealestate.pt\">www.vpmrealestate.pt<\/a><\/span><\/p>\n<p>Some of real estate property \/ properties located in Portugal can be partially paid in cryptocurrency ( Bitcoin or Ethereum ).<\/p>\n<p style=\"text-align: justify;\">\n","protected":false},"excerpt":{"rendered":"<p>VPM provides real estate solutions to companies and investors, with geographic focus on Portugal, Angola and Mozambique. We offer dedicated support and advisory throughout the whole cycle of real estate acquisitions, including due diligence, appraisals, legal support and deal execution. Our current portfolio of properties includes a variety of property types, such as hotels, logistics<\/p>\n<div class=\"mt-button-container right\"><a href=\"https:\/\/vpm.pt\/web\/en\/real-estate-investments\/\" class=\"mt-button\">Continue reading<\/a><\/p>\n<div class=\"clear\"><\/div>\n<\/div>\n","protected":false},"author":3,"featured_media":0,"parent":0,"menu_order":0,"comment_status":"closed","ping_status":"closed","template":"","meta":[],"yoast_head":"<!-- This site is optimized with the Yoast SEO plugin v19.0 - https:\/\/yoast.com\/wordpress\/plugins\/seo\/ -->\n<title>Real Estate Investments<\/title>\n<meta name=\"description\" content=\"We offer dedicated support throughout the whole cycle of real estate acquisitions, including due diligence, appraisals, legal support and deal execution.\" \/>\n<meta name=\"robots\" content=\"index, follow, max-snippet:-1, max-image-preview:large, max-video-preview:-1\" \/>\n<link rel=\"canonical\" href=\"https:\/\/vpm.pt\/web\/en\/real-estate-investments\/\" \/>\n<meta property=\"og:locale\" content=\"pt_PT\" \/>\n<meta property=\"og:type\" content=\"article\" \/>\n<meta property=\"og:title\" content=\"Real Estate Investments\" \/>\n<meta property=\"og:description\" content=\"We offer dedicated support throughout the whole cycle of real estate acquisitions, including due diligence, appraisals, legal support and deal execution.\" \/>\n<meta property=\"og:url\" content=\"https:\/\/vpm.pt\/web\/en\/real-estate-investments\/\" \/>\n<meta property=\"og:site_name\" content=\"VPM\" \/>\n<meta property=\"article:publisher\" content=\"https:\/\/www.facebook.com\/VPMAvaliacao\/\" \/>\n<meta property=\"article:modified_time\" content=\"2021-05-28T09:28:42+00:00\" \/>\n<meta name=\"twitter:label1\" content=\"Tempo estimado de leitura\" \/>\n\t<meta name=\"twitter:data1\" content=\"1 minuto\" \/>\n<script type=\"application\/ld+json\" class=\"yoast-schema-graph\">{\"@context\":\"https:\/\/schema.org\",\"@graph\":[{\"@type\":\"WebSite\",\"@id\":\"https:\/\/vpm.pt\/web\/#website\",\"url\":\"https:\/\/vpm.pt\/web\/\",\"name\":\"VPM\",\"description\":\"A VPM \u2013 Avalia\u00e7\u00e3o e Engenharia \u00e9 uma empresa vocacionada para a presta\u00e7\u00e3o de servi\u00e7os nos sectores da Constru\u00e7\u00e3o e Imobili\u00e1rio\",\"potentialAction\":[{\"@type\":\"SearchAction\",\"target\":{\"@type\":\"EntryPoint\",\"urlTemplate\":\"https:\/\/vpm.pt\/web\/?s={search_term_string}\"},\"query-input\":\"required name=search_term_string\"}],\"inLanguage\":\"pt-PT\"},{\"@type\":\"WebPage\",\"@id\":\"https:\/\/vpm.pt\/web\/en\/real-estate-investments\/#webpage\",\"url\":\"https:\/\/vpm.pt\/web\/en\/real-estate-investments\/\",\"name\":\"Real Estate Investments\",\"isPartOf\":{\"@id\":\"https:\/\/vpm.pt\/web\/#website\"},\"datePublished\":\"2013-01-31T00:35:03+00:00\",\"dateModified\":\"2021-05-28T09:28:42+00:00\",\"description\":\"We offer dedicated support throughout the whole cycle of real estate acquisitions, including due diligence, appraisals, legal support and deal execution.\",\"breadcrumb\":{\"@id\":\"https:\/\/vpm.pt\/web\/en\/real-estate-investments\/#breadcrumb\"},\"inLanguage\":\"pt-PT\",\"potentialAction\":[{\"@type\":\"ReadAction\",\"target\":[\"https:\/\/vpm.pt\/web\/en\/real-estate-investments\/\"]}]},{\"@type\":\"BreadcrumbList\",\"@id\":\"https:\/\/vpm.pt\/web\/en\/real-estate-investments\/#breadcrumb\",\"itemListElement\":[{\"@type\":\"ListItem\",\"position\":1,\"name\":\"Home\",\"item\":\"https:\/\/vpm.pt\/web\/pt\/inicio\/\"},{\"@type\":\"ListItem\",\"position\":2,\"name\":\"Real Estate Investment\"}]}]}<\/script>\n<!-- \/ Yoast SEO plugin. -->","yoast_head_json":{"title":"Real Estate Investments","description":"We offer dedicated support throughout the whole cycle of real estate acquisitions, including due diligence, appraisals, legal support and deal execution.","robots":{"index":"index","follow":"follow","max-snippet":"max-snippet:-1","max-image-preview":"max-image-preview:large","max-video-preview":"max-video-preview:-1"},"canonical":"https:\/\/vpm.pt\/web\/en\/real-estate-investments\/","og_locale":"pt_PT","og_type":"article","og_title":"Real Estate Investments","og_description":"We offer dedicated support throughout the whole cycle of real estate acquisitions, including due diligence, appraisals, legal support and deal execution.","og_url":"https:\/\/vpm.pt\/web\/en\/real-estate-investments\/","og_site_name":"VPM","article_publisher":"https:\/\/www.facebook.com\/VPMAvaliacao\/","article_modified_time":"2021-05-28T09:28:42+00:00","twitter_misc":{"Tempo estimado de leitura":"1 minuto"},"schema":{"@context":"https:\/\/schema.org","@graph":[{"@type":"WebSite","@id":"https:\/\/vpm.pt\/web\/#website","url":"https:\/\/vpm.pt\/web\/","name":"VPM","description":"A VPM \u2013 Avalia\u00e7\u00e3o e Engenharia \u00e9 uma empresa vocacionada para a presta\u00e7\u00e3o de servi\u00e7os nos sectores da Constru\u00e7\u00e3o e Imobili\u00e1rio","potentialAction":[{"@type":"SearchAction","target":{"@type":"EntryPoint","urlTemplate":"https:\/\/vpm.pt\/web\/?s={search_term_string}"},"query-input":"required name=search_term_string"}],"inLanguage":"pt-PT"},{"@type":"WebPage","@id":"https:\/\/vpm.pt\/web\/en\/real-estate-investments\/#webpage","url":"https:\/\/vpm.pt\/web\/en\/real-estate-investments\/","name":"Real Estate Investments","isPartOf":{"@id":"https:\/\/vpm.pt\/web\/#website"},"datePublished":"2013-01-31T00:35:03+00:00","dateModified":"2021-05-28T09:28:42+00:00","description":"We offer dedicated support throughout the whole cycle of real estate acquisitions, including due diligence, appraisals, legal support and deal execution.","breadcrumb":{"@id":"https:\/\/vpm.pt\/web\/en\/real-estate-investments\/#breadcrumb"},"inLanguage":"pt-PT","potentialAction":[{"@type":"ReadAction","target":["https:\/\/vpm.pt\/web\/en\/real-estate-investments\/"]}]},{"@type":"BreadcrumbList","@id":"https:\/\/vpm.pt\/web\/en\/real-estate-investments\/#breadcrumb","itemListElement":[{"@type":"ListItem","position":1,"name":"Home","item":"https:\/\/vpm.pt\/web\/pt\/inicio\/"},{"@type":"ListItem","position":2,"name":"Real Estate Investment"}]}]}},"_links":{"self":[{"href":"https:\/\/vpm.pt\/web\/wp-json\/wp\/v2\/pages\/1538"}],"collection":[{"href":"https:\/\/vpm.pt\/web\/wp-json\/wp\/v2\/pages"}],"about":[{"href":"https:\/\/vpm.pt\/web\/wp-json\/wp\/v2\/types\/page"}],"author":[{"embeddable":true,"href":"https:\/\/vpm.pt\/web\/wp-json\/wp\/v2\/users\/3"}],"replies":[{"embeddable":true,"href":"https:\/\/vpm.pt\/web\/wp-json\/wp\/v2\/comments?post=1538"}],"version-history":[{"count":22,"href":"https:\/\/vpm.pt\/web\/wp-json\/wp\/v2\/pages\/1538\/revisions"}],"predecessor-version":[{"id":19316,"href":"https:\/\/vpm.pt\/web\/wp-json\/wp\/v2\/pages\/1538\/revisions\/19316"}],"wp:attachment":[{"href":"https:\/\/vpm.pt\/web\/wp-json\/wp\/v2\/media?parent=1538"}],"curies":[{"name":"wp","href":"https:\/\/api.w.org\/{rel}","templated":true}]}}