{"id":1663,"date":"2013-04-05T17:18:48","date_gmt":"2013-04-05T17:18:48","guid":{"rendered":"http:\/\/vpm.pt\/web\/?page_id=1663"},"modified":"2013-04-08T21:26:48","modified_gmt":"2013-04-08T21:26:48","slug":"internacional","status":"publish","type":"page","link":"https:\/\/vpm.pt\/web\/pt\/internacional\/","title":{"rendered":"Internacional"},"content":{"rendered":"<p>A expans\u00e3o do grupo nos mercados internacionais tem sido a grande aposta da <strong>VPM<\/strong>.<\/p>\n<p>Com escrit\u00f3rios em Portugal, Mo\u00e7ambique e Angola a empresa consegue garantir nesses mercados a qualidade e rigor dos servi\u00e7os prestados.<\/p>\n<p><a href=\"http:\/\/vpm.pt\/web\/wp-content\/uploads\/2013\/04\/Cam\u00e9lia-HS-BRAGA.png\"><img loading=\"lazy\" class=\"alignnone size-medium wp-image-1712\" alt=\"Cam\u00e9lia HS BRAGA\" src=\"http:\/\/vpm.pt\/web\/wp-content\/uploads\/2013\/04\/Cam\u00e9lia-HS-BRAGA-300x224.png\" width=\"300\" height=\"224\" srcset=\"https:\/\/vpm.pt\/web\/wp-content\/uploads\/2013\/04\/Cam\u00e9lia-HS-BRAGA-300x224.png 300w, https:\/\/vpm.pt\/web\/wp-content\/uploads\/2013\/04\/Cam\u00e9lia-HS-BRAGA-210x157.png 210w, https:\/\/vpm.pt\/web\/wp-content\/uploads\/2013\/04\/Cam\u00e9lia-HS-BRAGA-290x216.png 290w, https:\/\/vpm.pt\/web\/wp-content\/uploads\/2013\/04\/Cam\u00e9lia-HS-BRAGA-450x336.png 450w, https:\/\/vpm.pt\/web\/wp-content\/uploads\/2013\/04\/Cam\u00e9lia-HS-BRAGA-610x456.png 610w, https:\/\/vpm.pt\/web\/wp-content\/uploads\/2013\/04\/Cam\u00e9lia-HS-BRAGA-690x516.png 690w, https:\/\/vpm.pt\/web\/wp-content\/uploads\/2013\/04\/Cam\u00e9lia-HS-BRAGA-330x246.png 330w, https:\/\/vpm.pt\/web\/wp-content\/uploads\/2013\/04\/Cam\u00e9lia-HS-BRAGA-150x112.png 150w, https:\/\/vpm.pt\/web\/wp-content\/uploads\/2013\/04\/Cam\u00e9lia-HS-BRAGA-510x381.png 510w, https:\/\/vpm.pt\/web\/wp-content\/uploads\/2013\/04\/Cam\u00e9lia-HS-BRAGA.png 703w\" sizes=\"(max-width: 300px) 100vw, 300px\" \/><\/a><\/p>\n<p>&nbsp;<\/p>\n","protected":false},"excerpt":{"rendered":"<p>A expans\u00e3o do grupo nos mercados internacionais tem sido a grande aposta da VPM. Com escrit\u00f3rios em Portugal, Mo\u00e7ambique e Angola a empresa consegue garantir nesses mercados a qualidade e rigor dos servi\u00e7os prestados. &nbsp;<\/p>\n","protected":false},"author":2,"featured_media":0,"parent":0,"menu_order":0,"comment_status":"closed","ping_status":"closed","template":"","meta":[],"yoast_head":"<!-- This site is optimized with the Yoast SEO plugin v19.0 - https:\/\/yoast.com\/wordpress\/plugins\/seo\/ -->\n<title>Internacional - VPM<\/title>\n<meta name=\"robots\" content=\"index, follow, max-snippet:-1, max-image-preview:large, max-video-preview:-1\" \/>\n<link rel=\"canonical\" href=\"https:\/\/vpm.pt\/web\/pt\/internacional\/\" \/>\n<meta property=\"og:locale\" content=\"pt_PT\" \/>\n<meta property=\"og:type\" content=\"article\" \/>\n<meta property=\"og:title\" content=\"Internacional - VPM\" \/>\n<meta property=\"og:description\" content=\"A expans\u00e3o do grupo nos mercados internacionais tem sido a grande aposta da VPM. Com escrit\u00f3rios em Portugal, Mo\u00e7ambique e Angola a empresa consegue garantir nesses mercados a qualidade e rigor dos servi\u00e7os prestados. &nbsp;\" \/>\n<meta property=\"og:url\" content=\"https:\/\/vpm.pt\/web\/pt\/internacional\/\" \/>\n<meta property=\"og:site_name\" content=\"VPM\" \/>\n<meta property=\"article:publisher\" content=\"https:\/\/www.facebook.com\/VPMAvaliacao\/\" \/>\n<meta property=\"article:modified_time\" content=\"2013-04-08T21:26:48+00:00\" \/>\n<script type=\"application\/ld+json\" class=\"yoast-schema-graph\">{\"@context\":\"https:\/\/schema.org\",\"@graph\":[{\"@type\":\"WebSite\",\"@id\":\"https:\/\/vpm.pt\/web\/#website\",\"url\":\"https:\/\/vpm.pt\/web\/\",\"name\":\"VPM\",\"description\":\"A VPM \u2013 Avalia\u00e7\u00e3o e Engenharia \u00e9 uma empresa vocacionada para a presta\u00e7\u00e3o de servi\u00e7os nos sectores da Constru\u00e7\u00e3o e Imobili\u00e1rio\",\"potentialAction\":[{\"@type\":\"SearchAction\",\"target\":{\"@type\":\"EntryPoint\",\"urlTemplate\":\"https:\/\/vpm.pt\/web\/?s={search_term_string}\"},\"query-input\":\"required name=search_term_string\"}],\"inLanguage\":\"pt-PT\"},{\"@type\":\"WebPage\",\"@id\":\"https:\/\/vpm.pt\/web\/pt\/internacional\/#webpage\",\"url\":\"https:\/\/vpm.pt\/web\/pt\/internacional\/\",\"name\":\"Internacional - VPM\",\"isPartOf\":{\"@id\":\"https:\/\/vpm.pt\/web\/#website\"},\"datePublished\":\"2013-04-05T17:18:48+00:00\",\"dateModified\":\"2013-04-08T21:26:48+00:00\",\"breadcrumb\":{\"@id\":\"https:\/\/vpm.pt\/web\/pt\/internacional\/#breadcrumb\"},\"inLanguage\":\"pt-PT\",\"potentialAction\":[{\"@type\":\"ReadAction\",\"target\":[\"https:\/\/vpm.pt\/web\/pt\/internacional\/\"]}]},{\"@type\":\"BreadcrumbList\",\"@id\":\"https:\/\/vpm.pt\/web\/pt\/internacional\/#breadcrumb\",\"itemListElement\":[{\"@type\":\"ListItem\",\"position\":1,\"name\":\"Home\",\"item\":\"https:\/\/vpm.pt\/web\/pt\/inicio\/\"},{\"@type\":\"ListItem\",\"position\":2,\"name\":\"Internacional\"}]}]}<\/script>\n<!-- \/ Yoast SEO plugin. -->","yoast_head_json":{"title":"Internacional - VPM","robots":{"index":"index","follow":"follow","max-snippet":"max-snippet:-1","max-image-preview":"max-image-preview:large","max-video-preview":"max-video-preview:-1"},"canonical":"https:\/\/vpm.pt\/web\/pt\/internacional\/","og_locale":"pt_PT","og_type":"article","og_title":"Internacional - VPM","og_description":"A expans\u00e3o do grupo nos mercados internacionais tem sido a grande aposta da VPM. Com escrit\u00f3rios em Portugal, Mo\u00e7ambique e Angola a empresa consegue garantir nesses mercados a qualidade e rigor dos servi\u00e7os prestados. &nbsp;","og_url":"https:\/\/vpm.pt\/web\/pt\/internacional\/","og_site_name":"VPM","article_publisher":"https:\/\/www.facebook.com\/VPMAvaliacao\/","article_modified_time":"2013-04-08T21:26:48+00:00","schema":{"@context":"https:\/\/schema.org","@graph":[{"@type":"WebSite","@id":"https:\/\/vpm.pt\/web\/#website","url":"https:\/\/vpm.pt\/web\/","name":"VPM","description":"A VPM \u2013 Avalia\u00e7\u00e3o e Engenharia \u00e9 uma empresa vocacionada para a presta\u00e7\u00e3o de servi\u00e7os nos sectores da Constru\u00e7\u00e3o e Imobili\u00e1rio","potentialAction":[{"@type":"SearchAction","target":{"@type":"EntryPoint","urlTemplate":"https:\/\/vpm.pt\/web\/?s={search_term_string}"},"query-input":"required name=search_term_string"}],"inLanguage":"pt-PT"},{"@type":"WebPage","@id":"https:\/\/vpm.pt\/web\/pt\/internacional\/#webpage","url":"https:\/\/vpm.pt\/web\/pt\/internacional\/","name":"Internacional - VPM","isPartOf":{"@id":"https:\/\/vpm.pt\/web\/#website"},"datePublished":"2013-04-05T17:18:48+00:00","dateModified":"2013-04-08T21:26:48+00:00","breadcrumb":{"@id":"https:\/\/vpm.pt\/web\/pt\/internacional\/#breadcrumb"},"inLanguage":"pt-PT","potentialAction":[{"@type":"ReadAction","target":["https:\/\/vpm.pt\/web\/pt\/internacional\/"]}]},{"@type":"BreadcrumbList","@id":"https:\/\/vpm.pt\/web\/pt\/internacional\/#breadcrumb","itemListElement":[{"@type":"ListItem","position":1,"name":"Home","item":"https:\/\/vpm.pt\/web\/pt\/inicio\/"},{"@type":"ListItem","position":2,"name":"Internacional"}]}]}},"_links":{"self":[{"href":"https:\/\/vpm.pt\/web\/wp-json\/wp\/v2\/pages\/1663"}],"collection":[{"href":"https:\/\/vpm.pt\/web\/wp-json\/wp\/v2\/pages"}],"about":[{"href":"https:\/\/vpm.pt\/web\/wp-json\/wp\/v2\/types\/page"}],"author":[{"embeddable":true,"href":"https:\/\/vpm.pt\/web\/wp-json\/wp\/v2\/users\/2"}],"replies":[{"embeddable":true,"href":"https:\/\/vpm.pt\/web\/wp-json\/wp\/v2\/comments?post=1663"}],"version-history":[{"count":7,"href":"https:\/\/vpm.pt\/web\/wp-json\/wp\/v2\/pages\/1663\/revisions"}],"predecessor-version":[{"id":1707,"href":"https:\/\/vpm.pt\/web\/wp-json\/wp\/v2\/pages\/1663\/revisions\/1707"}],"wp:attachment":[{"href":"https:\/\/vpm.pt\/web\/wp-json\/wp\/v2\/media?parent=1663"}],"curies":[{"name":"wp","href":"https:\/\/api.w.org\/{rel}","templated":true}]}}