{"id":19589,"date":"2022-07-27T11:26:29","date_gmt":"2022-07-27T11:26:29","guid":{"rendered":"http:\/\/vpm.pt\/web\/?page_id=19589"},"modified":"2022-07-27T15:14:30","modified_gmt":"2022-07-27T15:14:30","slug":"real-estate-investments-2","status":"publish","type":"page","link":"https:\/\/vpm.pt\/web\/pt\/real-estate-investments-2\/","title":{"rendered":"Real Estate Investments"},"content":{"rendered":"<p id=\"tw-target-text\">In the area of \u200b\u200breal estate investment, our main objective is to maximize the capital of our clients with annual returns that can vary between 4% and 12%.<\/p>\n<p id=\"tw-target-text\">We work for national and international investors and support all stages of the investment.<\/p>\n<p id=\"tw-target-text\">We seek to generate above-average risk-adjusted returns through a rigorous, proactive and multidisciplinary approach, thanks to a team of professionals in the areas of investments, operational management, commercial management, architecture, engineering and construction management. This allows us to add value, from the most core to the most complex assets.<\/p>\n<p id=\"tw-target-rmn\">We are focused on maximizing value for the client and we seek to develop lasting and trusting relationships through a strong alignment of interests and the sharing of ethical principles and social responsibility. We believe and demonstrate, daily, that it is possible to provide the greatest returns and leave a positive mark on cities for their occupants.\n<\/p>\n<p id=\"tw-target-text\">We operate across the entire spectrum of the real estate market and manage direct real estate investments, with different risk profiles. We manage finished product portfolios in the office, residential, logistics, retail and tourist operation sectors. And we also develop promotion projects, from their acquisition, design, construction and marketing.<\/p>\n<pre id=\"tw-target-text\" class=\"wp-block-preformatted\"><strong>Mission<\/strong><\/pre>\n<p id=\"tw-target-rmn\">VPM Real Estate&#8217;s mission is to create and participate in real estate products, highlighting the most important aspects for those in the real estate market: Location, Quality, Credibility and Price. The customers who accompany us have gotten used to our references and we know that these are the paths to follow in order to achieve success.\n<\/p>\n<pre id=\"tw-target-text\" class=\"wp-block-preformatted\"><strong>Functions:<\/strong><\/pre>\n<p id=\"tw-target-rmn\">We are targeting the mid-high segment. We stand out for our quality, safety and trust, essential factors for anyone who wants to be in this market.\n<\/p>\n<p id=\"tw-target-text\">Definition of Marketing and Advertising strategies for the commercialization of the Enterprises in the various aspects:<\/p>\n<ul>\n<li>Residential; <\/li>\n<li>Retail; <\/li>\n<li>Logistics; <\/li>\n<li>Offices; <\/li>\n<li>Hospitality; <\/li>\n<li>Urban rehabilitation.<\/li>\n<\/ul>\n<p id=\"tw-target-text\">Management and monitoring of direct customers and local real estate companies.<\/p>\n<p id=\"tw-target-text\">Legal monitoring and closing of deals, management of receipts and payments.<\/p>\n<p id=\"tw-target-text\">Disclosure in the international area (investors, foreign investment funds)<\/p>\n<p id=\"tw-target-text\">Preparation of documentation and presence in the deeds of purchase and sale.<\/p>\n<p id=\"tw-target-text\">Preparation and presentation of action plans.<\/p>\n<h2 class=\"has-text-align-center\">VPM PORTFOLIO<\/h2>\n<div class=\"one-third\">\n<h4><a title=\"S\u00e3o Vitor I\" href=\"http:\/\/vpm.pt\/web\/en\/sao-vitor-i-eng\/\"><strong>S\u00e3o Vitor I<\/strong><\/a><\/h4>\n<\/div>\n<div class=\"one-third\">\n<h4><strong><a title=\"S\u00e3o Vitor II\" href=\"http:\/\/vpm.pt\/web\/pt\/sao-vitor-ii-eng\/;\">S\u00e3o Vitor II<\/a><\/strong><\/h4>\n<\/div>\n<div class=\"one-third omega\">\n<h4><strong><a title=\"Rua de Brito Copelo\" href=\"http:\/\/vpm.pt\/web\/pt\/brito-copelo-eng\/\">Rua de Brito Copelo<\/a><\/strong><\/h4>\n<h4>\n<\/div>\n<div class=\"clear\"><\/div>\n<\/h4>\n<div class=\"one-third\">\n<p>\n<a href=\"http:\/\/vpm.pt\/web\/wp-content\/uploads\/2022\/07\/Sao-Vitor-I.jpg\"><img loading=\"lazy\" class=\"alignnone size-medium wp-image-1712\" src=\"http:\/\/vpm.pt\/web\/wp-content\/uploads\/2022\/07\/Sao-Vitor-I.jpg\" alt=\"Cam\u00e9lia HS BRAGA\" width=\"300\" height=\"224\" style=\"height: 250px;width: auto;\"><\/a><\/p>\n<\/div>\n<div class=\"one-third\">\n<p>\n<a href=\"http:\/\/vpm.pt\/web\/wp-content\/uploads\/2022\/07\/Sao-Vitor-II.jpg\"><img loading=\"lazy\" src=\"http:\/\/vpm.pt\/web\/wp-content\/uploads\/2022\/07\/Sao-Vitor-II.jpg\" alt=\"Cam\u00e9lia 2\" width=\"300\" height=\"225\" style=\"height: 250px;width: 270px;\"><\/a> <\/p>\n<\/div>\n<div class=\"one-third omega\">\n<p>\n<a href=\"http:\/\/vpm.pt\/web\/wp-content\/uploads\/2022\/07\/Rua-de-Brito-Capelo-1-scaled.jpg\"><img loading=\"lazy\" class=\"alignnone size-medium wp-image-1789\" src=\"http:\/\/vpm.pt\/web\/wp-content\/uploads\/2022\/07\/Rua-de-Brito-Capelo-1-scaled.jpg\" alt=\"aereo\" width=\"300\" height=\"225\" style=\"height: 250px;width: auto;\"><\/a><\/p>\n<\/div>\n<div class=\"clear\"><\/div>\n<div class=\"one-third\">\n<h4><a title=\"Largo do Priorado\" href=\"http:\/\/vpm.pt\/web\/pt\/largo-do-priorado-eng\/\"><strong>Largo do Priorado<\/strong><\/a><\/h4>\n<\/div>\n<div class=\"one-third\">\n<h4><strong><a title=\"Freixo Apartments\" href=\"http:\/\/vpm.pt\/web\/pt\/freixo-apartments-eng\/\">Freixo Apartments<\/a><\/strong><\/h4>\n<\/div>\n<div class=\"one-third omega\">\n<h4><strong><a title=\"Rua da Boavista\" href=\"http:\/\/vpm.pt\/web\/pt\/rua-da-boavista-2\/\">Rua da Boavista<\/a><\/strong><\/h4>\n<h4>\n<\/div>\n<div class=\"clear\"><\/div>\n<\/h4>\n<div class=\"one-third\">\n<p>\n<a href=\"http:\/\/vpm.pt\/web\/wp-content\/uploads\/2022\/07\/Largo-do-Priorado.jpeg\"><img loading=\"lazy\" class=\"alignnone size-medium wp-image-1712\" src=\"http:\/\/vpm.pt\/web\/wp-content\/uploads\/2022\/07\/Largo-do-Priorado.jpeg\" alt=\"Cam\u00e9lia HS BRAGA\" width=\"300\" height=\"224\" style=\"height: 250px;width: auto;\"><\/a><\/p>\n<\/div>\n<div class=\"one-third\">\n<p>\n<a href=\"http:\/\/vpm.pt\/web\/wp-content\/uploads\/2022\/07\/Rua-do-Freixo.jpg\"><img loading=\"lazy\" class=\"alignnone size-medium wp-image-1712\" src=\"http:\/\/vpm.pt\/web\/wp-content\/uploads\/2022\/07\/Rua-do-Freixo.jpg\" alt=\"Cam\u00e9lia HS BRAGA\" width=\"300\" height=\"224\" style=\"height: 250px;width: 270px;\"><\/a><\/p>\n<\/div>\n<div class=\"one-third omega\">\n<p>\n<a href=\"http:\/\/vpm.pt\/web\/wp-content\/uploads\/2022\/07\/Rua-da-Boavista.jpg\"><img loading=\"lazy\" class=\"alignnone size-medium wp-image-1789\" src=\"http:\/\/vpm.pt\/web\/wp-content\/uploads\/2022\/07\/Rua-da-Boavista.jpg\" alt=\"aereo\" width=\"300\" height=\"225\" style=\"height: 250px;width: 290px;\"><\/a><\/p>\n<\/div>\n<div class=\"clear\"><\/div>\n<h2 class=\"has-text-align-center\">New Projects<\/h2>\n<div class=\"one-third\">\n<h4><strong><a title=\"Roberto Ivens\" href=\"http:\/\/vpm.pt\/web\/pt\/roberto-ivens-eng\/\">Roberto Ivens<\/a><\/strong><\/h4>\n<h4>\n<\/div>\n<\/h4>\n<div class=\"one-third\">\n<h4><strong><a title=\"Vallada Project\" href=\"http:\/\/vpm.pt\/web\/en\/vallada-projecteng\/\">Vallada Project<\/a><\/strong><\/h4>\n<\/div>\n<div class=\"one-third omega\">\n<\/div>\n<div class=\"clear\"><\/div>\n<div class=\"one-third\">\n<p>\n<a href=\"http:\/\/vpm.pt\/web\/wp-content\/uploads\/2022\/07\/Rua-de-Roberto-Ivens-1-scaled.jpg\/\"><img loading=\"lazy\" class=\"alignnone size-medium wp-image-1712\" src=\"http:\/\/vpm.pt\/web\/wp-content\/uploads\/2022\/07\/Rua-de-Roberto-Ivens-1-scaled.jpg\" alt=\"ROBERTO IVENS\" width=\"300\" height=\"224\" style=\"height: 250px;width: 270px;\"><\/a><\/p>\n<\/div>\n<div class=\"one-third\">\n<p>\n<a href=\"http:\/\/vpm.pt\/web\/wp-content\/uploads\/2022\/07\/Vallada-Project-Novo-scaled.jpg\"><img loading=\"lazy\" class=\"alignnone size-medium wp-image-1712\" src=\"http:\/\/vpm.pt\/web\/wp-content\/uploads\/2022\/07\/Vallada-Project-Novo-scaled.jpg\" alt=\"Cam\u00e9lia HS BRAGA\" width=\"300\" height=\"224\" style=\"height: 250px;width: auto;\"><\/a><\/p>\n<\/div>\n<div class=\"one-third omega\">\n<\/div>\n<div class=\"clear\"><\/div>\n","protected":false},"excerpt":{"rendered":"<p>In the area of \u200b\u200breal estate investment, our main objective is to maximize the capital of our clients with annual returns that can vary between 4% and 12%. We work for national and international investors and support all stages of the investment. We seek to generate above-average risk-adjusted returns through a rigorous, proactive and multidisciplinary<\/p>\n<div class=\"mt-button-container right\"><a href=\"https:\/\/vpm.pt\/web\/pt\/real-estate-investments-2\/\" class=\"mt-button\">Continue reading<\/a><\/p>\n<div class=\"clear\"><\/div>\n<\/div>\n","protected":false},"author":2,"featured_media":0,"parent":0,"menu_order":0,"comment_status":"closed","ping_status":"closed","template":"","meta":[],"yoast_head":"<!-- This site is optimized with the Yoast SEO plugin v19.0 - https:\/\/yoast.com\/wordpress\/plugins\/seo\/ -->\n<title>Real Estate Investments - VPM<\/title>\n<meta name=\"robots\" content=\"index, follow, max-snippet:-1, max-image-preview:large, max-video-preview:-1\" \/>\n<link rel=\"canonical\" href=\"https:\/\/vpm.pt\/web\/pt\/real-estate-investments-2\/\" \/>\n<meta property=\"og:locale\" content=\"pt_PT\" \/>\n<meta property=\"og:type\" content=\"article\" \/>\n<meta property=\"og:title\" content=\"Real Estate Investments - VPM\" \/>\n<meta property=\"og:description\" content=\"In the area of \u200b\u200breal estate investment, our main objective is to maximize the capital of our clients with annual returns that can vary between 4% and 12%. We work for national and international investors and support all stages of the investment. We seek to generate above-average risk-adjusted returns through a rigorous, proactive and multidisciplinaryContinue reading\" \/>\n<meta property=\"og:url\" content=\"https:\/\/vpm.pt\/web\/pt\/real-estate-investments-2\/\" \/>\n<meta property=\"og:site_name\" content=\"VPM\" \/>\n<meta property=\"article:publisher\" content=\"https:\/\/www.facebook.com\/VPMAvaliacao\/\" \/>\n<meta property=\"article:modified_time\" content=\"2022-07-27T15:14:30+00:00\" \/>\n<meta property=\"og:image\" content=\"http:\/\/vpm.pt\/web\/wp-content\/uploads\/2022\/07\/Sao-Vitor-I.jpg\" \/>\n<meta name=\"twitter:label1\" content=\"Tempo estimado de leitura\" \/>\n\t<meta name=\"twitter:data1\" content=\"4 minutos\" \/>\n<script type=\"application\/ld+json\" class=\"yoast-schema-graph\">{\"@context\":\"https:\/\/schema.org\",\"@graph\":[{\"@type\":\"WebSite\",\"@id\":\"https:\/\/vpm.pt\/web\/#website\",\"url\":\"https:\/\/vpm.pt\/web\/\",\"name\":\"VPM\",\"description\":\"A VPM \u2013 Avalia\u00e7\u00e3o e Engenharia \u00e9 uma empresa vocacionada para a presta\u00e7\u00e3o de servi\u00e7os nos sectores da Constru\u00e7\u00e3o e Imobili\u00e1rio\",\"potentialAction\":[{\"@type\":\"SearchAction\",\"target\":{\"@type\":\"EntryPoint\",\"urlTemplate\":\"https:\/\/vpm.pt\/web\/?s={search_term_string}\"},\"query-input\":\"required name=search_term_string\"}],\"inLanguage\":\"pt-PT\"},{\"@type\":\"ImageObject\",\"inLanguage\":\"pt-PT\",\"@id\":\"https:\/\/vpm.pt\/web\/pt\/real-estate-investments-2\/#primaryimage\",\"url\":\"https:\/\/vpm.pt\/web\/wp-content\/uploads\/2022\/07\/Sao-Vitor-I.jpg\",\"contentUrl\":\"https:\/\/vpm.pt\/web\/wp-content\/uploads\/2022\/07\/Sao-Vitor-I.jpg\",\"width\":1115,\"height\":994},{\"@type\":\"WebPage\",\"@id\":\"https:\/\/vpm.pt\/web\/pt\/real-estate-investments-2\/#webpage\",\"url\":\"https:\/\/vpm.pt\/web\/pt\/real-estate-investments-2\/\",\"name\":\"Real Estate Investments - VPM\",\"isPartOf\":{\"@id\":\"https:\/\/vpm.pt\/web\/#website\"},\"primaryImageOfPage\":{\"@id\":\"https:\/\/vpm.pt\/web\/pt\/real-estate-investments-2\/#primaryimage\"},\"datePublished\":\"2022-07-27T11:26:29+00:00\",\"dateModified\":\"2022-07-27T15:14:30+00:00\",\"breadcrumb\":{\"@id\":\"https:\/\/vpm.pt\/web\/pt\/real-estate-investments-2\/#breadcrumb\"},\"inLanguage\":\"pt-PT\",\"potentialAction\":[{\"@type\":\"ReadAction\",\"target\":[\"https:\/\/vpm.pt\/web\/pt\/real-estate-investments-2\/\"]}]},{\"@type\":\"BreadcrumbList\",\"@id\":\"https:\/\/vpm.pt\/web\/pt\/real-estate-investments-2\/#breadcrumb\",\"itemListElement\":[{\"@type\":\"ListItem\",\"position\":1,\"name\":\"Home\",\"item\":\"https:\/\/vpm.pt\/web\/pt\/inicio\/\"},{\"@type\":\"ListItem\",\"position\":2,\"name\":\"Real Estate Investments\"}]}]}<\/script>\n<!-- \/ Yoast SEO plugin. -->","yoast_head_json":{"title":"Real Estate Investments - VPM","robots":{"index":"index","follow":"follow","max-snippet":"max-snippet:-1","max-image-preview":"max-image-preview:large","max-video-preview":"max-video-preview:-1"},"canonical":"https:\/\/vpm.pt\/web\/pt\/real-estate-investments-2\/","og_locale":"pt_PT","og_type":"article","og_title":"Real Estate Investments - VPM","og_description":"In the area of \u200b\u200breal estate investment, our main objective is to maximize the capital of our clients with annual returns that can vary between 4% and 12%. We work for national and international investors and support all stages of the investment. We seek to generate above-average risk-adjusted returns through a rigorous, proactive and multidisciplinaryContinue reading","og_url":"https:\/\/vpm.pt\/web\/pt\/real-estate-investments-2\/","og_site_name":"VPM","article_publisher":"https:\/\/www.facebook.com\/VPMAvaliacao\/","article_modified_time":"2022-07-27T15:14:30+00:00","og_image":[{"url":"http:\/\/vpm.pt\/web\/wp-content\/uploads\/2022\/07\/Sao-Vitor-I.jpg"}],"twitter_misc":{"Tempo estimado de leitura":"4 minutos"},"schema":{"@context":"https:\/\/schema.org","@graph":[{"@type":"WebSite","@id":"https:\/\/vpm.pt\/web\/#website","url":"https:\/\/vpm.pt\/web\/","name":"VPM","description":"A VPM \u2013 Avalia\u00e7\u00e3o e Engenharia \u00e9 uma empresa vocacionada para a presta\u00e7\u00e3o de servi\u00e7os nos sectores da Constru\u00e7\u00e3o e Imobili\u00e1rio","potentialAction":[{"@type":"SearchAction","target":{"@type":"EntryPoint","urlTemplate":"https:\/\/vpm.pt\/web\/?s={search_term_string}"},"query-input":"required name=search_term_string"}],"inLanguage":"pt-PT"},{"@type":"ImageObject","inLanguage":"pt-PT","@id":"https:\/\/vpm.pt\/web\/pt\/real-estate-investments-2\/#primaryimage","url":"https:\/\/vpm.pt\/web\/wp-content\/uploads\/2022\/07\/Sao-Vitor-I.jpg","contentUrl":"https:\/\/vpm.pt\/web\/wp-content\/uploads\/2022\/07\/Sao-Vitor-I.jpg","width":1115,"height":994},{"@type":"WebPage","@id":"https:\/\/vpm.pt\/web\/pt\/real-estate-investments-2\/#webpage","url":"https:\/\/vpm.pt\/web\/pt\/real-estate-investments-2\/","name":"Real Estate Investments - VPM","isPartOf":{"@id":"https:\/\/vpm.pt\/web\/#website"},"primaryImageOfPage":{"@id":"https:\/\/vpm.pt\/web\/pt\/real-estate-investments-2\/#primaryimage"},"datePublished":"2022-07-27T11:26:29+00:00","dateModified":"2022-07-27T15:14:30+00:00","breadcrumb":{"@id":"https:\/\/vpm.pt\/web\/pt\/real-estate-investments-2\/#breadcrumb"},"inLanguage":"pt-PT","potentialAction":[{"@type":"ReadAction","target":["https:\/\/vpm.pt\/web\/pt\/real-estate-investments-2\/"]}]},{"@type":"BreadcrumbList","@id":"https:\/\/vpm.pt\/web\/pt\/real-estate-investments-2\/#breadcrumb","itemListElement":[{"@type":"ListItem","position":1,"name":"Home","item":"https:\/\/vpm.pt\/web\/pt\/inicio\/"},{"@type":"ListItem","position":2,"name":"Real Estate Investments"}]}]}},"_links":{"self":[{"href":"https:\/\/vpm.pt\/web\/wp-json\/wp\/v2\/pages\/19589"}],"collection":[{"href":"https:\/\/vpm.pt\/web\/wp-json\/wp\/v2\/pages"}],"about":[{"href":"https:\/\/vpm.pt\/web\/wp-json\/wp\/v2\/types\/page"}],"author":[{"embeddable":true,"href":"https:\/\/vpm.pt\/web\/wp-json\/wp\/v2\/users\/2"}],"replies":[{"embeddable":true,"href":"https:\/\/vpm.pt\/web\/wp-json\/wp\/v2\/comments?post=19589"}],"version-history":[{"count":13,"href":"https:\/\/vpm.pt\/web\/wp-json\/wp\/v2\/pages\/19589\/revisions"}],"predecessor-version":[{"id":19724,"href":"https:\/\/vpm.pt\/web\/wp-json\/wp\/v2\/pages\/19589\/revisions\/19724"}],"wp:attachment":[{"href":"https:\/\/vpm.pt\/web\/wp-json\/wp\/v2\/media?parent=19589"}],"curies":[{"name":"wp","href":"https:\/\/api.w.org\/{rel}","templated":true}]}}